What is the greatest common divisor of 1130 and 567870?
10
What is the greatest common factor of 5574966 and 90?
6
Calculate the highest common factor of 205674 and 31506.
354
What is the highest common factor of 15481 and 280466?
113
Calculate the highest common divisor of 18821 and 36344.
649
What is the highest common divisor of 200327 and 89717?
1229
Calculate the highest common factor of 38722 and 1697654.
2038
What is the highest common divisor of 112044 and 195144?
12
Calculate the highest common divisor of 4427917 and 91.
13
What is the highest common factor of 11011 and 273?
91
Calculate the greatest common factor of 250635 and 1254.
33
What is the highest common factor of 225373905 and 2780?
695
What is the highest common divisor of 700 and 1678740?
140
What is the greatest common divisor of 26348 and 169043?
7
Calculate the greatest common divisor of 4871131 and 2578.
1289
What is the greatest common factor of 858 and 310296558?
858
What is the greatest common factor of 1485 and 31398345?
495
What is the greatest common factor of 16 and 1328368200?
8
Calculate the greatest common factor of 2157 and 33230742.
2157
What is the greatest common factor of 888060 and 33825?
615
Calculate the greatest common divisor of 13728 and 1125050784.
13728
Calculate the greatest common divisor of 20200 and 43846120.
4040
What is the greatest common divisor of 63855655 and 119?
17
What is the highest common divisor of 3158616 and 100344?
888
Calculate the greatest common divisor of 126 and 2874546.
18
What is the highest common factor of 226710 and 387090?
990
What is the highest common factor of 180 and 177489160?
20
Calculate the greatest common divisor of 1982440 and 281590.
290
Calculate the highest common factor of 2260412 and 474529.
1969
What is the greatest common factor of 292171 and 99?
11
What is the highest common divisor of 11109 and 56941031?
3703
What is the greatest common divisor of 254183 and 54479?
157
Calculate the highest common factor of 410830 and 5110.
70
Calculate the highest common divisor of 980 and 8252286.
98
What is the highest common divisor of 7326 and 2688345?
99
Calculate the greatest common divisor of 235332 and 30078.
54
What is the highest common factor of 1950615 and 12015?
135
What is the greatest common divisor of 351 and 5123520?
27
What is the greatest common divisor of 21500331 and 24901?
673
Calculate the highest common factor of 140917 and 12665345.
3437
Calculate the highest common factor of 112376 and 4312.
88
Calculate the highest common divisor of 75 and 6563.
1
Calculate the greatest common factor of 315562 and 308698.
26
What is the highest common divisor of 368 and 291584?
16
Calculate the greatest common divisor of 3505 and 1557945.
5
Calculate the highest common divisor of 234007961 and 13233.
4411
Calculate the highest common divisor of 712 and 43857776.
712
What is the greatest common factor of 111 and 19998833?
37
Calculate the greatest common divisor of 1128 and 29459553.
141
What is the highest common factor of 70 and 21302498?
14
What is the highest common factor of 40593364 and 2303?
49
What is the highest common divisor of 4 and 186814?
2
What is the highest common factor of 142 and 31129027?
71
What is the highest common factor of 109359075 and 175?
175
What is the highest common factor of 220494915 and 10?
5
What is the greatest common divisor of 542623 and 3499729?
541
Calculate the highest common divisor of 42383982 and 258.
258
What is the highest common divisor of 946 and 6106078?
22
What is the highest common divisor of 181071111 and 6279?
897
What is the greatest common factor of 836875 and 4223?
103
Calculate the highest common factor of 1589 and 59750713.
227
Calculate the greatest common divisor of 470559 and 15407313.
4659
Calculate the highest common divisor of 246 and 20730133.
41
What is the greatest common factor of 748238 and 1190?
34
Calculate the highest common factor of 12798 and 1189977.
237
What is the highest common divisor of 58947 and 17199?
147
What is the highest common divisor of 28726 and 1999796?
106
Calculate the greatest common factor of 7731 and 18031269.
2577
What is the greatest common factor of 1452 and 849596?
44
What is the highest common divisor of 559787 and 14664111?
5771
Calculate the highest common divisor of 29776537 and 287.
287
What is the greatest common factor of 3721 and 30073?
61
Calculate the greatest common factor of 4429 and 5178232.
43
Calculate the greatest common factor of 638096 and 1024.
16
Calculate the highest common factor of 56642191 and 5887.
841
What is the greatest common factor of 23423261 and 430?
43
Calculate the highest common factor of 608 and 54302456.
152
What is the greatest common factor of 74 and 6921514?
2
What is the greatest common factor of 18850 and 1809310?
290
What is the greatest common divisor of 203322 and 5823300?
1974
What is the highest common factor of 1449023 and 17273?
23
Calculate the highest common divisor of 2750338 and 2134.
194
What is the highest common factor of 2643 and 13442298?
2643
Calculate the greatest common divisor of 784155 and 4575.
915
What is the highest common divisor of 34735008 and 1680?
336
Calculate the greatest common factor of 28531239 and 1419.
33
Calculate the greatest common factor of 2870 and 18243770.
410
What is the highest common divisor of 527 and 356903?
31
What is the greatest common factor of 38 and 15906876?
38
What is the greatest common factor of 7198 and 23995082?
122
Calculate the greatest common factor of 47608979 and 53108.
781
Calculate the highest common divisor of 497879 and 4.
1
Calculate the greatest common factor of 13707 and 8911073.
1523
What is the highest common divisor of 78 and 40240018?
26
What is the greatest common divisor of 431939168 and 32?
32
Calculate the greatest common factor of 295476416 and 32.
32
Calculate the greatest common factor of 1177592 and 58826.
134
What is the highest common factor of 438789231 and 54?
27
What is the highest common divisor of 323632083 and 8178?
4089
What is the greatest common divisor of 73138 and 27898?
754
What is the highest common divisor of 174029 and 74483?
353
Calculate the highest common factor of 13589 and 25466.
107
What is the greatest common divisor of 92 and 29811358?
46
Calculate the greatest common divisor of 29508076 and 4732.
676
Calculate the greatest common divisor of 88 and 394658.
22
What is the highest common divisor of 515364 and 9246?
402
What is the greatest common factor of 12500 and 15940625?
3125
Calculate the highest common divisor of 214044 and 25248.
12
What is the greatest common factor of 7162708 and 13025?
521
Calculate the greatest common divisor of 128 and 6731904.
128
What is the greatest common divisor of 602 and 6955508?
602
What is the highest common factor of 6355 and 11244455?
205
Calculate the greatest common divisor of 55847088 and 297.
99
Calculate the greatest common factor of 41677684 and 1788.
596
Calculate the greatest common factor of 5934882 and 180498.
2694
What is the highest common divisor of 1263927 and 78813?
2919
Calculate the greatest common factor of 699325 and 3080.
55
What is the highest common divisor of 79755 and 379860?
195
What is the highest common divisor of 2146 and 1453915?
1073
What is the greatest common divisor of 127082793 and 597?
597
What is the greatest common factor of 76 and 28333712?
76
Calculate the highest common factor of 82412 and 284.
4
Calculate the highest common factor of 495 and 652068252.
99
Calculate the highest common factor of 5 and 126032015.
5
What is the greatest common factor of 210189700 and 867?
289
What is the highest common divisor of 280 and 222292700?
140
What is the highest common divisor of 147 and 674984114?
49
What is the greatest common factor of 52800 and 31776?
96
What is the highest common divisor of 6149 and 54644304?
143
What is the highest common divisor of 135897720 and 560?
280
What is the highest common divisor of 16480 and 88640?
160
What is the greatest common factor of 1312 and 541312?
32
What is the highest common divisor of 1020322205 and 805?
805
What is the highest common divisor of 4884 and 230217108?
4884
Calculate the highest common factor of 9246037 and 7.
1
What is the highe